 of 472 and 59?
59
What is the greatest common divisor of 37 and 9731?
37
Calculate the greatest common factor of 4959 and 18.
9
Calculate the greatest common divisor of 7 and 8617.
7
Calculate the greatest common factor of 2128 and 112.
112
Calculate the greatest common divisor of 4763 and 11.
11
Calculate the greatest common divisor of 36 and 360.
36
What is the greatest common factor of 290 and 160?
10
What is the highest common divisor of 30 and 210?
30
What is the greatest common divisor of 3696 and 880?
176
What is the greatest common divisor of 171 and 323?
19
Calculate the highest common divisor of 36 and 243.
9
Calculate the highest common factor of 56 and 1568.
56
Calculate the greatest common factor of 27 and 27513.
27
What is the greatest common factor of 10 and 135?
5
Calculate the highest common factor of 48 and 6096.
48
What is the greatest common divisor of 1292 and 136?
68
Calculate the highest common divisor of 108 and 32.
4
What is the greatest common factor of 944 and 413?
59
Calculate the highest common factor of 440 and 165.
55
Calculate the greatest common factor of 100 and 2.
2
What is the highest common divisor of 63 and 333?
9
What is the highest common divisor of 767 and 472?
59
What is the highest common factor of 35 and 50?
5
What is the greatest common factor of 560 and 35?
35
Calculate the greatest common divisor of 36 and 8076.
12
What is the highest common divisor of 16 and 7?
1
Calculate the highest common divisor of 132 and 11968.
44
What is the highest common factor of 1457 and 47?
47
What is the highest common divisor of 43769 and 22?
11
Calculate the greatest common divisor of 255 and 140.
5
What is the greatest common divisor of 32 and 464?
16
What is the greatest common divisor of 860 and 15?
5
Calculate the highest common divisor of 47772 and 18.
18
What is the greatest common divisor of 513 and 152?
19
Calculate the highest common factor of 60 and 90.
30
Calculate the highest common divisor of 161 and 343.
7
What is the greatest common factor of 360 and 4000?
40
What is the highest common factor of 237 and 79?
79
What is the greatest common divisor of 325 and 26?
13
Calculate the highest common divisor of 399 and 551.
19
What is the greatest common factor of 21 and 91?
7
What is the greatest common factor of 377 and 26?
13
What is the highest common divisor of 3633 and 21?
21
What is the highest common divisor of 40 and 780?
20
What is the greatest common divisor of 42 and 2961?
21
Calculate the highest common divisor of 34 and 170.
34
Calculate the highest common factor of 1640 and 40.
40
Calculate the highest common divisor of 59 and 118.
59
What is the greatest common factor of 828 and 6003?
207
Calculate the greatest common divisor of 91 and 5278.
91
What is the highest common factor of 3740 and 176?
44
What is the highest common factor of 3 and 66?
3
What is the highest common factor of 195 and 240?
15
Calculate the greatest common divisor of 50 and 2650.
50
What is the highest common divisor of 24 and 1584?
24
What is the greatest common factor of 195 and 624?
39
What is the greatest common factor of 629 and 37?
37
Calculate the greatest common divisor of 333 and 144.
9
Calculate the highest common factor of 44 and 451.
11
What is the greatest common factor of 285 and 57?
57
Calculate the greatest common factor of 529 and 368.
23
Calculate the greatest common divisor of 165 and 220.
55
What is the greatest common factor of 51 and 67014?
51
What is the highest common divisor of 2842 and 1372?
98
Calculate the greatest common factor of 2 and 6924.
2
Calculate the highest common divisor of 44 and 3047.
11
What is the greatest common factor of 30 and 65?
5
What is the highest common divisor of 26 and 494?
26
Calculate the highest common factor of 100 and 180.
20
What is the greatest common factor of 768 and 264?
24
Calculate the greatest common factor of 292 and 4.
4
Calculate the greatest common factor of 575 and 23.
23
Calculate the greatest common factor of 299 and 26.
13
Calculate the greatest common factor of 14 and 910.
14
What is the highest common divisor of 15334 and 2618?
374
Calculate the greatest common divisor of 3216 and 67.
67
Calculate the highest common factor of 3 and 31.
1
What is the greatest common factor of 39325 and 650?
325
What is the highest common factor of 672 and 210?
42
What is the greatest common factor of 801 and 89?
89
Calculate the greatest common factor of 64 and 8.
8
What is the highest common divisor of 627 and 16720?
209
What is the greatest common factor of 323 and 34?
17
What is the highest common factor of 7 and 14?
7
What is the highest common factor of 10516 and 2?
2
Calculate the highest common divisor of 24 and 80.
8
What is the greatest common divisor of 187 and 272?
17
Calculate the highest common divisor of 779 and 19.
19
What is the greatest common factor of 1 and 1733?
1
Calculate the greatest common factor of 8 and 868.
4
What is the highest common divisor of 3468 and 136?
68
What is the highest common factor of 12947 and 107?
107
Calculate the greatest common factor of 2 and 14.
2
What is the greatest common factor of 354 and 590?
118
What is the highest common factor of 10 and 626?
2
Calculate the highest common factor of 793 and 39.
13
What is the highest common factor of 477 and 583?
53
Calculate the greatest common divisor of 6 and 810.
6
Calculate the highest common factor of 114 and 3819.
57
What is the greatest common factor of 290 and 34?
2
What is the greatest common divisor of 19 and 931?
19
What is the greatest common factor of 9 and 180?
9
What is the highest common divisor of 126 and 686?
14
What is the highest common divisor of 16511 and 33?
11
Calculate the greatest common factor of 438 and 2336.
146
Calculate the greatest common factor of 7836 and 8.
4
Calculate the highest common divisor of 85 and 3043.
17
What is the greatest common factor of 36363 and 279?
93
Calculate the highest common factor of 660 and 15.
15
Calculate the highest common factor of 7072 and 4.
4
What is the greatest common divisor of 8579 and 92?
23
What is the greatest common factor of 352 and 64?
32
What is the highest common divisor of 3 and 30414?
3
What is the greatest common factor of 7257 and 82?
41
Calculate the highest common factor of 1014 and 741.
39
What is the highest common divisor of 100 and 75?
25
Calculate the greatest common divisor of 66 and 3.
3
Calculate the highest common divisor of 120 and 3000.
120
What is the greatest common factor of 54 and 27?
27
Calculate the greatest common factor of 34 and 13.
1
What is the highest common divisor of 210 and 21?
21
What is the highest common divisor of 75 and 255?
15
Calculate the highest common factor of 1120 and 32.
32
What is the highest common divisor of 400 and 140?
20
What is the greatest common factor of 1872 and 108?
36
Calculate the greatest common factor of 34820 and 10.
10
Calculate the greatest common divisor of 3556 and 70.
14
What is the highest common divisor of 25296 and 72?
24
Calculate the greatest common divisor of 14208 and 37.
37
Calculate the greatest common factor of 17811 and 18.
9
Calculate the greatest common factor of 66 and 14817.
33
What is the highest common divisor of 54 and 12?
6
Calculate the highest common divisor of 6 and 51.
3
What is the highest common divisor of 9 and 159?
3
What is the highest common divisor of 1386 and 7238?
154
What is the highest common factor of 126 and 162?
18
Calculate the highest common divisor of 253 and 253.
253
Calculate the highest common divisor of 180 and 4560.
60
Calculate the greatest common factor of 8 and 648.
8
Calculate the highest common factor of 90 and 180.
90
What is the highest common divisor of 4609 and 11?
11
What is the greatest common factor of 328 and 8?
8
What is the highest common factor of 10 and 3575?
5
Calculate the highest common divisor of 319 and 2581.
29
What is the highest common divisor of 767 and 118?
59
Calculate the highest common divisor of 33 and 2112.
33
What is the greatest common divisor of 22 and 814?
22
Calculate the greatest common divisor of 5239 and 62.
31
What is the highest common factor of 14681 and 53?
53
What is the greatest common divisor of 264 and 726?
66
What is the highest commo